{"id":387,"date":"2025-01-16T12:40:14","date_gmt":"2025-01-16T12:40:14","guid":{"rendered":"https:\/\/test0003.2000und5.de\/?page_id=387"},"modified":"2025-01-27T02:29:54","modified_gmt":"2025-01-27T02:29:54","slug":"spenden","status":"publish","type":"page","link":"https:\/\/test0003.2000und5.de\/?page_id=387","title":{"rendered":"Spenden"},"content":{"rendered":"<p>[et_pb_section fb_built=&#8220;1&#8243; custom_padding_last_edited=&#8220;on|phone&#8220; admin_label=&#8220;Header&#8220; _builder_version=&#8220;4.27.4&#8243; _module_preset=&#8220;57f619cb-0162-45de-829f-8419158a4ab9&#8243; background_enable_color=&#8220;off&#8220; background_color_gradient_direction=&#8220;98deg&#8220; background_color_gradient_stops=&#8220;#000000 0%|rgba(0,0,0,0.3) 30%&#8220; background_image=&#8220;http:\/\/test0003.2000und5.de\/wp-content\/uploads\/2025\/01\/AH-Haus-Auszeit-Sonne-Fensterlaede.jpg&#8220; custom_margin=&#8220;110px||||false|false&#8220; custom_margin_tablet=&#8220;-10px||||false|false&#8220; custom_margin_phone=&#8220;110px||||false|false&#8220; custom_margin_last_edited=&#8220;on|desktop&#8220; custom_padding=&#8220;20vw||0px||false|false&#8220; custom_padding_tablet=&#8220;30vw||0px||false|false&#8220; custom_padding_phone=&#8220;20vw||0px||false|false&#8220; hover_enabled=&#8220;0&#8243; global_colors_info=&#8220;{}&#8220; locked=&#8220;off&#8220; alt=&#8220;Haus Auszeit&#8220; title_text=&#8220;AH-Haus-Auszeit-Sonne-Fensterlaede&#8220; sticky_enabled=&#8220;0&#8243;][et_pb_row _builder_version=&#8220;4.27.4&#8243; _module_preset=&#8220;1094e78c-d299-4fa1-84a0-8004c4f5a1d3&#8243; hover_enabled=&#8220;0&#8243; global_colors_info=&#8220;{}&#8220; custom_margin_last_edited=&#8220;on|desktop&#8220; custom_margin=&#8220;150px||||false|false&#8220; sticky_enabled=&#8220;0&#8243; custom_margin_tablet=&#8220;50px||-50px||false|false&#8220; custom_margin_phone=&#8220;50px||-50px||false|false&#8220;][et_pb_column type=&#8220;4_4&#8243; _builder_version=&#8220;4.25.2&#8243; _module_preset=&#8220;default&#8220; global_colors_info=&#8220;{}&#8220;][et_pb_text _builder_version=&#8220;4.27.4&#8243; _module_preset=&#8220;default&#8220; text_font=&#8220;|||on|||||&#8220; text_text_color=&#8220;#FFFFFF&#8220; text_font_size=&#8220;16px&#8220; custom_margin_tablet=&#8220;&#8220; custom_margin_phone=&#8220;70px||15px||false|false&#8220; custom_margin_last_edited=&#8220;on|phone&#8220; hover_enabled=&#8220;0&#8243; global_colors_info=&#8220;{}&#8220; sticky_enabled=&#8220;0&#8243;]<\/p>\n<p><strong>Ihre Spende hilft unmittelbar<\/strong><strong><br \/><\/strong><\/p>\n<p>[\/et_pb_text][et_pb_heading title=&#8220;Wir brauchen Ihre Hilfe!&#8220; _builder_version=&#8220;4.27.4&#8243; _module_preset=&#8220;671d6abb-f878-47fd-907c-c8537ae4e8b9&#8243; title_font=&#8220;Arial|700|||||||&#8220; title_text_color=&#8220;#FFFFFF&#8220; max_width=&#8220;1080px&#8220; custom_margin=&#8220;-40px||||false|false&#8220; custom_margin_tablet=&#8220;-20px||||false|false&#8220; custom_margin_phone=&#8220;0px||||false|false&#8220; custom_margin_last_edited=&#8220;on|desktop&#8220; custom_padding=&#8220;|230px|60px||false|false&#8220; custom_padding_tablet=&#8220;|200px|||false|false&#8220; custom_padding_phone=&#8220;0px|0px|||false|false&#8220; custom_padding_last_edited=&#8220;on|desktop&#8220; hover_enabled=&#8220;0&#8243; title_font_size_tablet=&#8220;60px&#8220; title_font_size_phone=&#8220;50px&#8220; title_font_size_last_edited=&#8220;on|tablet&#8220; global_colors_info=&#8220;{}&#8220; sticky_enabled=&#8220;0&#8243;][\/et_pb_heading][\/et_pb_column][\/et_pb_row][\/et_pb_section][et_pb_section fb_built=&#8220;1&#8243; admin_label=&#8220;Partnerschaft&#8220; module_id=&#8220;partnerschaft&#8220; _builder_version=&#8220;4.27.4&#8243; _module_preset=&#8220;default&#8220; link_option_url=&#8220;#Partnerschaft&#8220; global_colors_info=&#8220;{}&#8220;][et_pb_row use_custom_gutter=&#8220;on&#8220; gutter_width=&#8220;2&#8243; _builder_version=&#8220;4.27.4&#8243; _module_preset=&#8220;1094e78c-d299-4fa1-84a0-8004c4f5a1d3&#8243; min_height=&#8220;386px&#8220; hover_enabled=&#8220;0&#8243; global_colors_info=&#8220;{}&#8220; custom_margin_last_edited=&#8220;on|tablet&#8220; custom_margin_tablet=&#8220;-40px||-110px||false|false&#8220; sticky_enabled=&#8220;0&#8243; custom_margin_phone=&#8220;||-110px||false|false&#8220;][et_pb_column type=&#8220;4_4&#8243; _builder_version=&#8220;4.25.2&#8243; _module_preset=&#8220;default&#8220; global_colors_info=&#8220;{}&#8220;][et_pb_heading title=&#8220;Gemeinsam Zeit erm\u00f6glichen: AusZeit!&#8220; _builder_version=&#8220;4.27.4&#8243; _module_preset=&#8220;bec04347-95ac-43a1-a3aa-2e650d099e8c&#8220; title_font=&#8220;Arimo|700|||||||&#8220; custom_margin=&#8220;||0px||false|false&#8220; locked=&#8220;off&#8220; global_colors_info=&#8220;{}&#8220;][\/et_pb_heading][et_pb_text _builder_version=&#8220;4.27.4&#8243; _module_preset=&#8220;default&#8220; text_font=&#8220;Arimo||||||||&#8220; text_font_size=&#8220;16px&#8220; custom_margin=&#8220;||0px||false|false&#8220; custom_margin_tablet=&#8220;||115px||false|false&#8220; custom_margin_phone=&#8220;||115px||false|false&#8220; custom_margin_last_edited=&#8220;on|desktop&#8220; global_colors_info=&#8220;{}&#8220;]<\/p>\n<p>Im Ruhrgebiet gibt es ca. 10.000 Kinder und Jugendliche die behindert sind, teilweise mit schweren bzw. mehrfachen Besonderheiten. Die meisten von ihnen werden zu Hause liebevoll betreut.<\/p>\n<p>So wie Dennis:<br \/>Der kleine Kerl ist mit Lissenzephalie, einer Hirnmissbildung zur Welt gekommen, ein seltener Gendefekt. F\u00fcr Dennis hei\u00dft dies: Er wird nie sprechen, essen, laufen und greifen k\u00f6nnen. Mehrfach schl\u00e4gt das \u00dcberwachungsger\u00e4t in der Nacht Alarm. F\u00fcr seine Eltern bleibt dann nur wenig Schlaf. Sich der gesunden Schwester Victoria oder eigenen Interessen ein paar Tage im Jahr widmen k\u00f6nnen? Dazu gibt es zur Zeit kaum M\u00f6glichkeiten.<\/p>\n<p>Wir machen eine \u201eAuszeit\u201c m\u00f6glich. Zeit und Raum f\u00fcr die Familie um neue Kraft zu sch\u00f6pfen und f\u00fcr ein paar Tage die Sorgen zu vergessen.<\/p>\n<p>Unser Spenden-Maskottchen, Cosima, die kleine Ameise, ist sprichw\u00f6rtlich durch unsere eigene Arbeitsweise entstanden. Mit vielen helfenden H\u00e4nden konnten wir gemeinsam viel schaffen. Mit dem Beginn der Bauarbeiten an unserem Haus \u201eAUSZEIT\u201c beginnt Cosima ihre Arbeit und sammelt nun flei\u00dfig Spenden.<\/p>\n<p>Wir w\u00fcrden uns freuen, wenn sie ihren Freunden, Bekannten und Kollegen von Cosima, unserer kleinen Ameise, erz\u00e4hlen und sie noch viele, viele neue Unterst\u00fctzer f\u00fcr das Haus \u201eAUSZEIT\u201c gewinnen kann.<\/p>\n<p>[\/et_pb_text][et_pb_divider color=&#8220;#000000&#8243; _builder_version=&#8220;4.27.4&#8243; _module_preset=&#8220;default&#8220; custom_margin=&#8220;100px||-100px||false|false&#8220; custom_margin_tablet=&#8220;-50px||-80px||false|false&#8220; custom_margin_phone=&#8220;-70px||-100px||false|false&#8220; custom_margin_last_edited=&#8220;on|desktop&#8220; hover_enabled=&#8220;0&#8243; global_colors_info=&#8220;{}&#8220; sticky_enabled=&#8220;0&#8243;][\/et_pb_divider][\/et_pb_column][\/et_pb_row][\/et_pb_section][et_pb_section fb_built=&#8220;1&#8243; admin_label=&#8220;Team&#8220; _builder_version=&#8220;4.25.2&#8243; _module_preset=&#8220;default&#8220; locked=&#8220;off&#8220; global_colors_info=&#8220;{}&#8220;][et_pb_row column_structure=&#8220;3_4,1_4&#8243; _builder_version=&#8220;4.27.4&#8243; _module_preset=&#8220;1094e78c-d299-4fa1-84a0-8004c4f5a1d3&#8243; hover_enabled=&#8220;0&#8243; global_colors_info=&#8220;{}&#8220; custom_margin_last_edited=&#8220;on|tablet&#8220; custom_margin_tablet=&#8220;-10px||||false|false&#8220; sticky_enabled=&#8220;0&#8243; disabled_on=&#8220;on|off|off&#8220; custom_margin_phone=&#8220;-10px||||false|false&#8220;][et_pb_column type=&#8220;3_4&#8243; _builder_version=&#8220;4.25.2&#8243; _module_preset=&#8220;default&#8220; global_colors_info=&#8220;{}&#8220;][et_pb_heading title=&#8220;So Geht&#8217;s&#8220; _builder_version=&#8220;4.27.4&#8243; _module_preset=&#8220;8ee50446-0d47-420c-8665-d7bd87f160ae&#8220; title_text_color=&#8220;#000000&#8243; custom_margin=&#8220;80px||10px||false|false&#8220; custom_margin_tablet=&#8220;80px||10px||false|false&#8220; custom_margin_phone=&#8220;80px||10px||false|false&#8220; custom_margin_last_edited=&#8220;on|desktop&#8220; global_colors_info=&#8220;{}&#8220;][\/et_pb_heading][et_pb_heading title=&#8220;Auch Sie k\u00f6nnen Erholung und Freude am Leben f\u00f6rdern!&#8220; _builder_version=&#8220;4.27.4&#8243; _module_preset=&#8220;f2dc5da8-2179-47e7-a244-1412113db7c4&#8243; custom_margin=&#8220;20px|360px||-4px|false|false&#8220; custom_margin_tablet=&#8220;|||-4px|false|false&#8220; custom_margin_phone=&#8220;|||0px|false|false&#8220; custom_margin_last_edited=&#8220;on|desktop&#8220; hover_enabled=&#8220;0&#8243; global_colors_info=&#8220;{}&#8220; sticky_enabled=&#8220;0&#8243;][\/et_pb_heading][\/et_pb_column][et_pb_column type=&#8220;1_4&#8243; _builder_version=&#8220;4.25.2&#8243; _module_preset=&#8220;default&#8220; global_colors_info=&#8220;{}&#8220;][et_pb_image src=&#8220;http:\/\/test0003.2000und5.de\/wp-content\/uploads\/2025\/01\/ameise.png&#8220; alt=&#8220;Ameise&#8220; title_text=&#8220;ameise&#8220; _builder_version=&#8220;4.27.4&#8243; _module_preset=&#8220;default&#8220; filter_saturate=&#8220;89%&#8220; hover_enabled=&#8220;0&#8243; global_colors_info=&#8220;{}&#8220; sticky_enabled=&#8220;0&#8243; module_alignment=&#8220;right&#8220; max_width=&#8220;46%&#8220; custom_margin_last_edited=&#8220;on|tablet&#8220; custom_margin_tablet=&#8220;-310px||||false|false&#8220; max_width_last_edited=&#8220;on|phone&#8220; max_width_phone=&#8220;30%&#8220; disabled_on=&#8220;on|off|off&#8220; custom_margin_phone=&#8220;-310px||||false|false&#8220; max_width_tablet=&#8220;46%&#8220;][\/et_pb_image][\/et_pb_column][\/et_pb_row][et_pb_row column_structure=&#8220;1_4,1_4,1_4,1_4&#8243; use_custom_gutter=&#8220;on&#8220; gutter_width=&#8220;2&#8243; _builder_version=&#8220;4.25.2&#8243; _module_preset=&#8220;1094e78c-d299-4fa1-84a0-8004c4f5a1d3&#8243; global_colors_info=&#8220;{}&#8220;][et_pb_column type=&#8220;1_4&#8243; _builder_version=&#8220;4.25.2&#8243; _module_preset=&#8220;default&#8220; global_colors_info=&#8220;{}&#8220;][et_pb_text _builder_version=&#8220;4.27.4&#8243; _module_preset=&#8220;default&#8220; locked=&#8220;off&#8220; global_colors_info=&#8220;{}&#8220;]<\/p>\n<div class=\"g-heading\">\n<h2>Per Paypal spenden:<\/h2>\n<\/div>\n<p>Zum einfachen Spenden per Paypal scannen Sie mit dem Handy den QR-Code rechts oder klicken auf den Button darunter.<\/p>\n<p>Sie gelangen bei beiden Vorgehensweisen anschlie\u00dfend auf unserer Spendenseite bei Paypal, die mit unserem Konto verbunden ist.<\/p>\n<p>[\/et_pb_text][\/et_pb_column][et_pb_column type=&#8220;1_4&#8243; _builder_version=&#8220;4.27.4&#8243; _module_preset=&#8220;default&#8220; global_colors_info=&#8220;{}&#8220;][et_pb_image src=&#8220;http:\/\/test0003.2000und5.de\/wp-content\/uploads\/2025\/01\/spende_paypal.jpg&#8220; alt=&#8220;Spende per Paypal abwickeln&#8220; title_text=&#8220;Screenshot&#8220; align=&#8220;center&#8220; _builder_version=&#8220;4.27.4&#8243; _module_preset=&#8220;default&#8220; max_width=&#8220;200px&#8220; border_width_all=&#8220;1px&#8220; border_color_all=&#8220;#000000&#8243; global_colors_info=&#8220;{}&#8220;][\/et_pb_image][et_pb_button button_url=&#8220;https:\/\/www.paypal.com\/donate\/?hosted_button_id=8SP2N3EY9AG7Y&#8220; button_text=&#8220;Spende per Paypal&#8220; button_alignment=&#8220;center&#8220; _builder_version=&#8220;4.27.4&#8243; _module_preset=&#8220;default&#8220; custom_button=&#8220;on&#8220; button_text_color=&#8220;#000000&#8243; button_border_width=&#8220;1px&#8220; button_border_radius=&#8220;35px&#8220; custom_margin=&#8220;70px||||false|false&#8220; custom_margin_tablet=&#8220;70px||||false|false&#8220; custom_margin_phone=&#8220;70px||||false|false&#8220; custom_margin_last_edited=&#8220;on|desktop&#8220; global_colors_info=&#8220;{}&#8220;][\/et_pb_button][\/et_pb_column][et_pb_column type=&#8220;1_4&#8243; _builder_version=&#8220;4.25.2&#8243; _module_preset=&#8220;default&#8220; global_colors_info=&#8220;{}&#8220;][et_pb_text _builder_version=&#8220;4.27.4&#8243; _module_preset=&#8220;default&#8220; hover_enabled=&#8220;0&#8243; global_colors_info=&#8220;{}&#8220; custom_margin_last_edited=&#8220;on|tablet&#8220; custom_margin_tablet=&#8220;30px||||false|false&#8220; sticky_enabled=&#8220;0&#8243; custom_margin_phone=&#8220;30px||||false|false&#8220;]<\/p>\n<div class=\"g-heading\">\n<h2>Spendenkonto Sparkasse:<\/h2>\n<\/div>\n<p>Stiftung Auszeit<br \/>IBAN: DE24430500010001651959<br \/>SWIFT-BIC: WELADED1BOC<br \/>Sparkasse Bochum<\/p>\n<p>[\/et_pb_text][\/et_pb_column][et_pb_column type=&#8220;1_4&#8243; _builder_version=&#8220;4.25.2&#8243; _module_preset=&#8220;default&#8220; global_colors_info=&#8220;{}&#8220;][et_pb_text _builder_version=&#8220;4.27.4&#8243; _module_preset=&#8220;default&#8220; hover_enabled=&#8220;0&#8243; locked=&#8220;off&#8220; global_colors_info=&#8220;{}&#8220; custom_margin_last_edited=&#8220;on|tablet&#8220; custom_margin_tablet=&#8220;30px||||false|false&#8220; sticky_enabled=&#8220;0&#8243; custom_margin_phone=&#8220;30px||||false|false&#8220;]<\/p>\n<div class=\"g-heading\">\n<h2>Spendenkonto Volksbank:<\/h2>\n<\/div>\n<p>Stiftung Auszeit<br \/>IBAN: DE49430601290202020800<br \/>SWIFT-BIC: GENODEM1BOC<br \/>Volksbank Bochum Witten eG<\/p>\n<p>[\/et_pb_text][\/et_pb_column][\/et_pb_row][et_pb_row use_custom_gutter=&#8220;on&#8220; gutter_width=&#8220;2&#8243; _builder_version=&#8220;4.27.4&#8243; _module_preset=&#8220;1094e78c-d299-4fa1-84a0-8004c4f5a1d3&#8243; custom_margin=&#8220;16px||||false|false&#8220; custom_margin_tablet=&#8220;16px||||false|false&#8220; custom_margin_phone=&#8220;-10px||||false|false&#8220; custom_margin_last_edited=&#8220;on|desktop&#8220; hover_enabled=&#8220;0&#8243; global_colors_info=&#8220;{}&#8220; sticky_enabled=&#8220;0&#8243;][et_pb_column type=&#8220;4_4&#8243; _builder_version=&#8220;4.25.2&#8243; _module_preset=&#8220;default&#8220; global_colors_info=&#8220;{}&#8220;][et_pb_divider color=&#8220;#000000&#8243; _builder_version=&#8220;4.27.4&#8243; _module_preset=&#8220;default&#8220; global_colors_info=&#8220;{}&#8220;][\/et_pb_divider][et_pb_heading title=&#8220;Spendeninformationen&#8220; _builder_version=&#8220;4.27.4&#8243; _module_preset=&#8220;bec04347-95ac-43a1-a3aa-2e650d099e8c&#8220; title_font=&#8220;Arimo|700|||||||&#8220; custom_margin=&#8220;||0px||false|false&#8220; locked=&#8220;off&#8220; global_colors_info=&#8220;{}&#8220;][\/et_pb_heading][et_pb_text _builder_version=&#8220;4.27.4&#8243; _module_preset=&#8220;default&#8220; text_font=&#8220;Arimo||||||||&#8220; text_font_size=&#8220;16px&#8220; custom_margin=&#8220;||0px||false|false&#8220; custom_margin_tablet=&#8220;||115px||false|false&#8220; custom_margin_phone=&#8220;||115px||false|false&#8220; custom_margin_last_edited=&#8220;on|desktop&#8220; locked=&#8220;off&#8220; global_colors_info=&#8220;{}&#8220;]<\/p>\n<p>Der Bau, Ausbau und Insatndhaltung des Hauses Auszeit zur Versorgung von kranken Kindern und Jugendlichen mit Behinderung und die Schaffung von weiteren Kurzzeitwohn- und Pflegepl\u00e4tzen ist die Hauptaufgabe der Stiftung. Dabei ist es besonders wichtig, nicht nur das erkrankte Kind, sondern die ganze Familie w\u00e4hrend ihres Aufenthalts zu begleiten. Die Betreuung soll nicht von finanziellen M\u00f6glichkeiten abh\u00e4ngig sein. Die Stiftung Auszeit errichtete dazu das Haus Auszeit. Das oberste Gebot der Stiftung Auszeit ist der sorgsame Umgang mit den Spenden. So arbeiten alle Vorst\u00e4nde der Stiftung, sowie die Gesch\u00e4ftsf\u00fchrung des Hauses ehrenamtlich. Jede Spende kommt zu 100% dem Haus Auszeit zugute.<\/p>\n<p>Bitte beachten Sie:<br \/>F\u00fcr Spenden bis 300 EUR ben\u00f6tigen Sie f\u00fcr Ihr Finanzamt keine individuelle Spendenbescheinigung (mehr). Sie sollten nur den \u00dcberweisungsnachweis bei Ihrem Finanzamt einreichen und eine sog. vereinfachte Zuwendungsbescheinigung bei Ihren Unterlagen aufbewahren. Sie k\u00f6nnen eine solche Bescheinigung hier herunterladen.<\/p>\n<p>[\/et_pb_text][et_pb_heading title=&#8220;Anlassspenden&#8220; _builder_version=&#8220;4.27.4&#8243; _module_preset=&#8220;bec04347-95ac-43a1-a3aa-2e650d099e8c&#8220; title_font=&#8220;Arimo|700|||||||&#8220; custom_margin=&#8220;30px||0px||false|false&#8220; custom_margin_tablet=&#8220;-60px||0px||false|false&#8220; custom_margin_phone=&#8220;-70px||0px||false|false&#8220; custom_margin_last_edited=&#8220;on|desktop&#8220; hover_enabled=&#8220;0&#8243; locked=&#8220;off&#8220; global_colors_info=&#8220;{}&#8220; sticky_enabled=&#8220;0&#8243;][\/et_pb_heading][et_pb_text _builder_version=&#8220;4.27.4&#8243; _module_preset=&#8220;default&#8220; text_font=&#8220;Arimo||||||||&#8220; text_font_size=&#8220;16px&#8220; custom_margin=&#8220;||0px||false|false&#8220; custom_margin_tablet=&#8220;||115px||false|false&#8220; custom_margin_phone=&#8220;||115px||false|false&#8220; custom_margin_last_edited=&#8220;on|desktop&#8220; locked=&#8220;off&#8220; global_colors_info=&#8220;{}&#8220;]<\/p>\n<p>Es gibt viele Anl\u00e4sse im Leben, bei denen Blumen oder Geschenke verteilt werden. Immer h\u00e4ufiger entscheiden sich Menschen, auf Geschenke zu verzichten und stattdessen an Geburtstagen, Jubil\u00e4en oder bei Beerdigungen Spenden f\u00fcr die Stiftung Auszeit zu sammeln. Falls auch Sie sich \u00fcberlegen, uns auf diese Weise zu unterst\u00fctzen, k\u00f6nnen Sie gerne ein Spenden-Stichwort einrichten unter dem Ihre G\u00e4ste die Spende auf unser Spendenkonto einzahlen k\u00f6nnen. Im Anschluss k\u00f6nnen wir Ihnen die Anzahl der Spender und die Gesamtsumme zukommen lassen, wenn Sie uns ihre Kontaktdaten mitteilen. Leider ist es nach der neuen europ\u00e4ischen Datenschutzverordnung nicht m\u00f6glich, Ihnen &#8211; ohne die Einverst\u00e4ndniserkl\u00e4rung der Spender &#8211; eine Spenderliste mit Namen zukommen zu lassen. Gerne stellen wir auch eine Spendenbox f\u00fcr unterschiedliche Anl\u00e4sse zur Verf\u00fcgung. Melden Sie sich bitte einfach bei uns.<\/p>\n<p>Bei weiteren Fragen zum Ablauf k\u00f6nnen Sie sich gerne an Thomas Marquardt wenden.<\/p>\n<p>[\/et_pb_text][et_pb_heading title=&#8220;Anlassspenden&#8220; _builder_version=&#8220;4.27.4&#8243; _module_preset=&#8220;bec04347-95ac-43a1-a3aa-2e650d099e8c&#8220; title_font=&#8220;Arimo|700|||||||&#8220; custom_margin=&#8220;30px||0px||false|false&#8220; custom_margin_tablet=&#8220;-60px||0px||false|false&#8220; custom_margin_phone=&#8220;-60px||0px||false|false&#8220; custom_margin_last_edited=&#8220;on|desktop&#8220; hover_enabled=&#8220;0&#8243; locked=&#8220;off&#8220; global_colors_info=&#8220;{}&#8220; sticky_enabled=&#8220;0&#8243;][\/et_pb_heading][et_pb_text _builder_version=&#8220;4.27.4&#8243; _module_preset=&#8220;default&#8220; text_font=&#8220;Arimo||||||||&#8220; text_font_size=&#8220;16px&#8220; custom_margin=&#8220;||0px||false|false&#8220; custom_margin_tablet=&#8220;||0px||false|false&#8220; custom_margin_phone=&#8220;||0px||false|false&#8220; custom_margin_last_edited=&#8220;on|desktop&#8220; hover_enabled=&#8220;0&#8243; locked=&#8220;off&#8220; global_colors_info=&#8220;{}&#8220; sticky_enabled=&#8220;0&#8243;]<\/p>\n<p>Wir freuen uns auf das pers\u00f6nliche Gespr\u00e4ch mit Ihnen.<\/p>\n<p>[\/et_pb_text][\/et_pb_column][\/et_pb_row][et_pb_row column_structure=&#8220;1_6,1_6,1_6,1_6,1_6,1_6&#8243; use_custom_gutter=&#8220;on&#8220; gutter_width=&#8220;2&#8243; _builder_version=&#8220;4.27.4&#8243; _module_preset=&#8220;1094e78c-d299-4fa1-84a0-8004c4f5a1d3&#8243; custom_margin=&#8220;16px||||false|false&#8220; custom_margin_tablet=&#8220;-30px||||false|false&#8220; custom_margin_phone=&#8220;-124px||||false|false&#8220; custom_margin_last_edited=&#8220;on|desktop&#8220; hover_enabled=&#8220;0&#8243; global_colors_info=&#8220;{}&#8220; sticky_enabled=&#8220;0&#8243;][et_pb_column type=&#8220;1_6&#8243; _builder_version=&#8220;4.25.2&#8243; _module_preset=&#8220;default&#8220; global_colors_info=&#8220;{}&#8220;][\/et_pb_column][et_pb_column type=&#8220;1_6&#8243; _builder_version=&#8220;4.25.2&#8243; _module_preset=&#8220;default&#8220; global_colors_info=&#8220;{}&#8220;][et_pb_text _builder_version=&#8220;4.27.4&#8243; _module_preset=&#8220;default&#8220; global_colors_info=&#8220;{}&#8220;]<\/p>\n<div class=\"g-block size-30 align-right nomarginright\">\n<div id=\"custom-7252-particle\" class=\"g-content g-particle\">\n<p><strong>Jochen Grothkop<\/strong><br \/>1. Vorsitzender<\/p>\n<p>Stiftung Auszeit<br \/>Altenbochumer Str. 49a<br \/>44803 Bochum<\/p>\n<p>Mobil 0172 2666 335<br \/>jochen.grothkop@stiftung-auszeit.de<\/p>\n<\/div>\n<\/div>\n<p>[\/et_pb_text][\/et_pb_column][et_pb_column type=&#8220;1_6&#8243; _builder_version=&#8220;4.25.2&#8243; _module_preset=&#8220;default&#8220; global_colors_info=&#8220;{}&#8220;][et_pb_image src=&#8220;http:\/\/test0003.2000und5.de\/wp-content\/uploads\/2025\/01\/Jochen-Grothkop_hoch.webp&#8220; alt=&#8220;Jochen Grothkop&#8220; title_text=&#8220;Jochen-Grothkop_hoch&#8220; _builder_version=&#8220;4.27.4&#8243; _module_preset=&#8220;default&#8220; filter_saturate=&#8220;0%&#8220; hover_enabled=&#8220;0&#8243; global_colors_info=&#8220;{}&#8220; force_fullwidth=&#8220;on&#8220; sticky_enabled=&#8220;0&#8243;][\/et_pb_image][\/et_pb_column][et_pb_column type=&#8220;1_6&#8243; _builder_version=&#8220;4.25.2&#8243; _module_preset=&#8220;default&#8220; global_colors_info=&#8220;{}&#8220;][\/et_pb_column][et_pb_column type=&#8220;1_6&#8243; _builder_version=&#8220;4.25.2&#8243; _module_preset=&#8220;default&#8220; global_colors_info=&#8220;{}&#8220;][et_pb_text _builder_version=&#8220;4.27.4&#8243; _module_preset=&#8220;default&#8220; global_colors_info=&#8220;{}&#8220;]<\/p>\n<div class=\"g-block size-30 align-right nomarginright\">\n<div id=\"custom-6817-particle\" class=\"g-content g-particle\">\n<p><strong>Dr. Thomas Marquardt<\/strong><br \/>2. Vorsitzender<\/p>\n<p>Stiftung Auszeit<br \/>Altenbochumer Str. 49a<br \/>44803 Bochum<\/p>\n<p>Mobil 0172 2852654<br \/>thomas.marquardt@stiftung-auszeit.de<\/p>\n<\/div>\n<\/div>\n<p>[\/et_pb_text][\/et_pb_column][et_pb_column type=&#8220;1_6&#8243; _builder_version=&#8220;4.25.2&#8243; _module_preset=&#8220;default&#8220; global_colors_info=&#8220;{}&#8220;][et_pb_image src=&#8220;http:\/\/test0003.2000und5.de\/wp-content\/uploads\/2025\/01\/Dr-Thomas-Marquardt-hoch.webp&#8220; alt=&#8220;Dr. Thomas Marquardt&#8220; title_text=&#8220;Dr-Thomas-Marquardt-hoch&#8220; _builder_version=&#8220;4.27.4&#8243; _module_preset=&#8220;default&#8220; filter_saturate=&#8220;0%&#8220; hover_enabled=&#8220;0&#8243; global_colors_info=&#8220;{}&#8220; force_fullwidth=&#8220;on&#8220; sticky_enabled=&#8220;0&#8243;][\/et_pb_image][\/et_pb_column][\/et_pb_row][\/et_pb_section]<\/p>\n","protected":false},"excerpt":{"rendered":"<p>Ihre Spende hilft unmittelbarIm Ruhrgebiet gibt es ca. 10.000 Kinder und Jugendliche die behindert sind, teilweise mit schweren bzw. mehrfachen Besonderheiten. Die meisten von ihnen werden zu Hause liebevoll betreut. So wie Dennis:Der kleine Kerl ist mit Lissenzephalie, einer Hirnmissbildung zur Welt gekommen, ein seltener Gendefekt. F\u00fcr Dennis hei\u00dft dies: Er wird nie sprechen, essen, [&hellip;]<\/p>\n","protected":false},"author":1,"featured_media":0,"parent":0,"menu_order":0,"comment_status":"closed","ping_status":"closed","template":"","meta":{"_et_pb_use_builder":"on","_et_pb_old_content":"","_et_gb_content_width":"","footnotes":""},"class_list":["post-387","page","type-page","status-publish","hentry"],"_links":{"self":[{"href":"https:\/\/test0003.2000und5.de\/index.php?rest_route=\/wp\/v2\/pages\/387","targetHints":{"allow":["GET"]}}],"collection":[{"href":"https:\/\/test0003.2000und5.de\/index.php?rest_route=\/wp\/v2\/pages"}],"about":[{"href":"https:\/\/test0003.2000und5.de\/index.php?rest_route=\/wp\/v2\/types\/page"}],"author":[{"embeddable":true,"href":"https:\/\/test0003.2000und5.de\/index.php?rest_route=\/wp\/v2\/users\/1"}],"replies":[{"embeddable":true,"href":"https:\/\/test0003.2000und5.de\/index.php?rest_route=%2Fwp%2Fv2%2Fcomments&post=387"}],"version-history":[{"count":24,"href":"https:\/\/test0003.2000und5.de\/index.php?rest_route=\/wp\/v2\/pages\/387\/revisions"}],"predecessor-version":[{"id":719,"href":"https:\/\/test0003.2000und5.de\/index.php?rest_route=\/wp\/v2\/pages\/387\/revisions\/719"}],"wp:attachment":[{"href":"https:\/\/test0003.2000und5.de\/index.php?rest_route=%2Fwp%2Fv2%2Fmedia&parent=387"}],"curies":[{"name":"wp","href":"https:\/\/api.w.org\/{rel}","templated":true}]}}